hen x is divided by 17?
7
Let f be (-6 - -3)*(-8)/6. Suppose 0*r - 96 = -f*r. What is the remainder when r is divided by 13?
11
Let f(t) = -t**2 + 12*t - 24. Calculate the remainder when 8 is divided by f(3).
2
Suppose 4*m - 2*c = 366, 2*c - 139 = -3*m + 118. Suppose 0 = 5*k - 2*y - 20 - 205, -135 = -3*k + 4*y. Calculate the remainder when m is divided by k.
44
Let b = -2 + 36. Calculate the remainder when 64 is divided by b.
30
Suppose 3*i + 752 = 962. Calculate the remainder when i is divided by 65.
5
Let y(u) = 63*u**2 - 2*u - 5. Calculate the remainder when y(-4) is divided by 46.
45
Let d be (2/6)/(12/72). What is the remainder when 18 is divided by 1/(4 - 57/30 - d)?
8
Let x(z) = -z**3 + z**2 + z + 4. Let u be x(0). Let s be 25*3 + 14 + -8 + -9. Suppose u*w - s = -0*w. Calculate the remainder when 71 is divided by w.
17
Suppose 5*j = 2*j - 5*w + 67, 2*w + 95 = 3*j. Let b(l) = -l**3 + 11*l**2 - 3*l + 15. What is the remainder when b(10) is divided by j?
27
Let x = 183 - 104. Suppose -w - 4*t - 107 = -4*w, 2*w = 5*t + 62. What is the remainder when x is divided by w?
38
Let m be (-1 - -3) + (-20)/10. Let l = 6 + m. Suppose -i + l = -0*i. What is the remainder when i is divided by 2?
0
Suppose 93 = 2*q - 5*q. Let o = -34 - q. Let k = o + 10. Calculate the remainder when k is divided by 5.
2
Suppose 0 = -2*d + 5*f + 20, 3*d + 4*f - 30 = f. Let c = d + -3. Suppose 99*b - 808 = -82 + 363. Calculate the remainder when b is divided by c.
4
Suppose 0 = -d - d + 2*w + 2, -4*d = w - 24. Suppose 0 = -12*b + 8*b + 5*s + 380, d*s + 200 = 2*b. What is the remainder when b is divided by 13?
12
Suppose -2*v = -1 - 5. Suppose 3*r + 2*r - 73 = v*u, 5*r = -4*u + 66. What is the remainder when 11 is divided by (r/5)/(2/5)?
4
Suppose 0 = -4*i - 77 + 429. Let l = 43 + i. What is the remainder when l is divided by 19?
17
Let n be (-20)/(-8)*-1*(-18)/(-15). Let k(b) = -b**3 - b - 12. Calculate the remainder when 63 is divided by k(n).
9
Let v = 1815 + -1803. Calculate the remainder when 190 is divided by v.
10
Let b be -12 - ((-2 - 0) + 0). Let f be ((-12)/b)/(6/15). Suppose -f*l = -5*n + 19, 0*n - 2*l = -5*n + 21. Calculate the remainder when 19 is divided by n.
4
Let w(l) = -10*l + 4*l + 3*l - 3*l + 8. What is the remainder when w(-14) is divided by 31?
30
Let j be 56 + (-2 - 0)/(-2). What is the remainder when (j/4)/(2/8) is divided by (-8)/(-132) + (-3451)/(-231)?
12
Let c(w) = -9*w + 63. What is the remainder when 2959 is divided by c(0)?
61
Let p(s) = -s**2 + 6*s - 2. Let u be p(4). Suppose u = z - 6. What is the remainder when 29 is divided by (-1 + -11)/(z/(-8))?
5
Let g(w) = 0*w - w**3 - w**2 + 0*w**2 + 2 + 0*w**2 - w. Let s be g(-2). Let h = 19 - s. What is the remainder when h is divided by 7?
4
Let y be 131 + (-4)/2 - -2. Suppose -169 = -4*p - 5*d, -d + 34 = 4*p - y. What is the remainder when p is divided by (4 + (-1 - 4))*-22?
19
Let a = -679 - -694. Calculate the remainder when a is divided by 3/(-12) - 13/(-4).
0
Suppose 21*r - 13*r = 40. Calculate the remainder when 73 is divided by r.
3
Let t = 19 + 72. Suppose t - 261 = -5*i. Suppose -152 + 477 = 5*r. What is the remainder when r is divided by i?
31
Let i = -18 + 88. Let m(q) = 26*q + 32*q**3 + 31*q**3 - 24*q**2 + 61 - 95*q**3 + 31*q**3. Calculate the remainder when i is divided by m(-25).
34
Let k = -2 + 7. Suppose 3*w - 3*r - 42 = -6*r, -k*w + 94 = -3*r. Calculate the remainder when 48 is divided by w.
14
Let a = 18 - -232. Calculate the remainder when a is divided by 70.
40
Calculate the remainder when (-810)/(-5) + -16 + 13 is divided by 63.
33
Let z(i) = 3 - 6*i**2 - 6*i + 5*i**3 - 9*i**3 + 3*i**3. Calculate the remainder when z(-6) is divided by 14.
11
Let y = -87 - -25. Let s = y + 118. Calculate the remainder when s is divided by 30.
26
Let c = 1700 - 1132. What is the remainder when c is divided by 30?
28
Suppose -14*q - 7 = -7*q. What is the remainder when 69 is divided by q + (-474)/(-42) - (-2)/(-7)?
9
Suppose 4*l = -3*x - 695, 3*l + 5*x + 161 = 2*l. Let m be 10/45 - l/18. Let j = m - 6. Calculate the remainder when 15 is divided by j.
3
Let t(q) = 3*q**2 + 44*q - 7. Let w = -28 - 0. Let i = -13 - w. Calculate the remainder when i is divided by t(-15).
7
Suppose 4*b - 4*m = 24, 5*b - b = 5*m + 29. Let u(o) = 67*o**3 + 2*o - 2. Calculate the remainder when u(b) is divided by 34.
33
Suppose 3*b + 81 = -4*v - 660, -b = -4*v - 729. What is the remainder when 37 is divided by (-1)/4 - (2 + v/12)?
11
Suppose -14*j + 105 = -63. Suppose b - 3*y = 14, 0 = -5*b + 2*y + 2*y + 81. Calculate the remainder when b is divided by j.
5
Let d = 40 - 30. Suppose -n = -4*m - 18, -3*n = -0*m - m - d. Let f = 18 + m. What is the remainder when f is divided by 8?
6
Suppose -5*s = -10 - 10. Let x(b) = b**3 - 14*b**2 + 15*b - 8. Let j be x(13). Let i = 29 - j. Calculate the remainder when i is divided by s.
3
Let t(c) = c**3 - 4*c**2 - c + 3. Let m be t(5). Let q = m - 7. Let h(a) = 6*a - 256. What is the remainder when h(50) is divided by q?
12
Calculate the remainder when 3/30*2 - (-3732)/15 is divided by 12.
9
Let c be (-2)/(-6) + (-22)/(-6). Suppose -c*m - 2*k + 7*k + 36 = 0, -2*m + 28 = -5*k. What is the remainder when 20/(-28) - (5 - 145/7) is divided by m?
3
Let n(o) = -o**3 - 4*o - 11. Let w be n(-7). Suppose y - 70 = q, 0 = 2*y + 3*y + 5*q - w. What is the remainder when y is divided by 12?
11
What is the remainder when ((-5)/(-3))/(17400/828 - 21) is divided by 24?
19
Suppose 0 = z + 25*z - 5356. What is the remainder when z is divided by 4?
2
Let z(a) = -2*a**2 - 13*a + 2. Let q be z(-6). Suppose 42*t - 46*t = -q. Calculate the remainder when 5 is divided by t.
1
Let q be ((-2)/(-5))/((-7)/(-140)*2). Suppose 0 = q*y - 2*u - 116, -2*y + 0*u + 58 = 4*u. Suppose 3*f = 4 + 26. Calculate the remainder when y is divided by f.
9
Suppose -41*y - 161 = -44*y - 4*w, 2*y - 5*w = 138. Calculate the remainder when 91 is divided by y.
32
Let p(t) = -t**2 - 9*t + 1. Suppose 0*k - 5*k - 35 = 0. What is the remainder when p(k) is divided by 9?
6
Let z = -46 + 28. Let g = z - -18. Suppose g*x + 4*x - 2*s = 42, 0 = -s - 1. What is the remainder when x is divided by 6?
4
Suppose 2*c - 10 = -2*u, 0 = 4*c - u - 7 - 3. Suppose -c*j = -2*j - 13. Suppose 4*m = 3*m + j. What is the remainder when m is divided by 7?
6
Suppose 5*m = 6*m - 2. Suppose -2*z - 76 = -m*p, -p = -5*z - 25 + 7. Calculate the remainder when p is divided by 15.
13
Suppose -5*i + 450 = 5*l, 0*l - l + 94 = 2*i. Calculate the remainder when l is divided by 43.
0
Suppose 0 = 89*f - 14513 - 5690. What is the remainder when f is divided by 67?
26
Suppose 3*v - 815 = -650. Calculate the remainder when v is divided by 13.
3
Let c = 243 - 214. What is the remainder when 102 is divided by c?
15
Calculate the remainder when 539 is divided by (2/(-3))/((-24)/540).
14
Let z be (-172)/(((-7 - -3) + 6)/(-3)). Suppose 8*x + 10 - z = 0. What is the remainder when 121 is divided by x?
28
Let j(g) = 7*g + 2*g**2 - g**3 + 3 + 6*g**2 - 15*g. Let y be j(7). What is the remainder when 77 is divided by y*20/(0 + -4)?
17
Calculate the remainder when 5896/(-99)*9/(-2) is divided by 18.
16
Suppose -s - 4*l = -79, 340 = 4*s - 16*l + 20*l. What is the remainder when s is divided by 5?
2
Suppose 37*q - 1403 = 521. What is the remainder when 190 is divided by q?
34
What is the remainder when (4 + -4 - -3)*230/2 is divided by 58?
55
Suppose 0 = -u - 4*k + 101 - 17, 3*u - 3*k = 207. What is the remainder when u is divided by 56?
16
Let c(k) = -k**3 + 27*k**2 + 5*k + 91. What is the remainder when c(27) is divided by 6?
4
Suppose 56 = 2*y - 5*p, -12*y + 58 = -10*y - 4*p. Calculate the remainder when 163 is divided by y.
31
Let c = 404 - 304. What is the remainder when c is divided by 51?
49
Suppose -42 - 42 = -3*o. Suppose -o = -k + 61. What is the remainder when k is divided by 5?
4
Suppose 116 = w + i - 14, -i - 662 = -5*w. Suppose -w - 78 = -15*z. What is the remainder when 27 is divided by z?
13
Let f(h) be the second derivative of 2*h**3/3 + 3*h**2/2 - 7*h. Calculate the remainder when f(4) is divided by 10.
9
Let z(b) = b**3 + 26*b**2 - 208*b + 10. Calculate the remainder when z(11) is divided by 100.
99
Suppose 2 = -d + 55. Calculate the remainder when d is divided by 18.